514*a + 675. Is d(-4) composite?
False
Is 1464309/385 - -4*7/(-20) composite?
True
Let x = 944 - 940. Suppose -40245 = -3*d - x*p, -9*d - 5*p = -10*d + 13396. Is d composite?
False
Let t(r) = 3*r**2 + 2*r - 33. Let g be t(-6). Let q = 68 - g. Suppose s - 1496 = -5*o, 0 = q*s - o - 3*o - 7393. Is s a composite number?
False
Let q(z) = -94*z - 9. Let i be q(-5). Let v be 6 + -4 - (5 + (1 - 4)). Suppose v = -s + 174 + i. Is s a prime number?
False
Let j be (-4)/(-8)*-1*0. Suppose -5*t + 15 = j, 3*r + 3*t - 2806 = 1928. Let l = -64 + r. Is l a composite number?
False
Suppose 0 = 3*x - 5*r - 75034, 6*x - 100054 = 2*x - 2*r. Is x prime?
True
Is (-12)/(-22) - 105976490/(-2090) prime?
True
Let c(q) be the third derivative of q**5/5 + 7*q**4/24 - 5*q**3/2 - 2*q**2 + 16. Is c(2) composite?
False
Let d(q) = 2*q - 15. Let z be d(8). Let s(y) = y**3 - y**2 + y - 1. Let w be s(0). Is -6 - -895 - w - 3*z composite?
False
Let i = 1024961 + -448414. Is i composite?
True
Suppose -4*q = -2*p - 465320, -2796*q - 232662 = -2798*q + 2*p. Is q a prime number?
True
Suppose 1299342 = 63*m + 3*m. Is m composite?
False
Suppose 4*l - 9*l + 4*g + 14 = 0, 7 = 5*l + 3*g. Suppose -2*m = -0*m + l*m. Suppose 27*j - 30*j + 1353 = m. Is j a composite number?
True
Let w = -1307 - -652. Is (-21504043)/w - 4/(-10) prime?
True
Let l(z) = -934*z + 14140. Is l(-121) prime?
False
Let c be 12/(-9)*(-6)/4. Let s be 2/((-1)/((-7)/c)). Suppose 18 = -s*g + 1579. Is g composite?
False
Suppose 5*h = 5*p - 411505, -142*p - 329260 = -146*p - 3*h. Is p composite?
True
Let x = 7 + -10. Let w(u) be the third derivative of -287*u**4/12 + 5*u**3/6 - 6*u**2 - 3*u. Is w(x) a prime number?
False
Let b(a) = -a**3 - 7*a**2 - 18*a - 137. Let t be ((-209)/22 - -9)/(2/92). Is b(t) prime?
True
Suppose 0 = 1221*a - 609*a - 604*a - 3552328. Is a a composite number?
True
Let u be -8*(-2)/((-2)/309). Suppose 0 = -6*t + 3*t + i + 135, -4*i - 188 = -4*t. Is (-11)/(t/u) + -4 composite?
True
Let v = 11 - 9. Suppose 3*s + 5 = 2*a + v*a, 2*a = -3*s + 7. Suppose l - g = a*g + 218, -3*l + 5*g = -634. Is l composite?
True
Let s(l) = 24745*l - 4315. Is s(36) a composite number?
True
Let d(p) = 5*p + 6*p - 3*p + 2 - 26. Let y be d(4). Suppose -2*j - 4*u = -y*u - 630, -933 = -3*j + 3*u. Is j composite?
False
Let v(t) = -t**3 - 21*t**2 - 37*t + 22. Let p be v(-19). Suppose 3*y = 2*z - 2477, 10 = -p*y + 1. Is z a composite number?
True
Suppose 1691*q - 1672*q - 57 = 0. Suppose -n - 6*a + a = 0, 0 = -4*n - 5*a. Is n + 0 - 4 - (q - 94) a composite number?
True
Let b be (-1)/(1/(-3)*(-1 + 2)). Let n be ((-4)/(-16))/(b/84). Is ((-128)/168 + 3/n)*-21 prime?
True
Suppose 0 = -5*y, 0 = 2*f - 4*f - 2*y + 6. Suppose 5*d - 16*k = -13*k + 6788, -3 = f*k. Is d prime?
False
Suppose -42 - 758 = -4*j. Suppose 18*d - 2802 = 60. Suppose d = v - j. Is v a composite number?
False
Let n be 2*(-7 - -8)/(3 - 2). Suppose -3*h = n*b + 82, 4*h - b + 86 = b. Is 586*-3*4/h prime?
True
Let r = -71250 - -101167. Is r a prime number?
True
Suppose 0 = b + 4*t - 254, -3*b + 2*t - 156 = -960. Let j = 837 - b. Is j a composite number?
False
Let k(r) = -27*r + 20. Let g(s) = -54*s + 38. Let m(b) = 6*g(b) - 13*k(b). Is m(9) composite?
False
Let g be (2 - 3)/(-1) - (-9 + -4). Let z(v) = v**3 - 16*v**2 + 28*v. Let i be z(g). Suppose -3*c - 2*q + 265 = 0, i*c + 3*q = -4*c + 354. Is c composite?
True
Suppose 976218 + 94618 = 4*s. Is s a composite number?
True
Suppose 0 = -10*t - 2948 + 3068. Let z(m) = -11*m**2 + 13*m + 16. Let r(f) = 10*f**2 - 12*f - 15. Let u(j) = 5*r(j) + 4*z(j). Is u(t) a prime number?
True
Suppose -25*m + 57 = 7. Suppose -5*q = 36*i - 35*i - 44615, 3*q - m*i = 26769. Is q prime?
True
Let s = -136 + 131. Let v(b) = -100*b + 3. Let m(l) = -101*l + 4. Let p(h) = -2*m(h) + 3*v(h). Is p(s) a prime number?
True
Let g(q) = 18*q - 51. Let s be g(3). Suppose 0 = -s*c + 59372 - 13811. Is c composite?
False
Let n = -19150 - -184661. Is n prime?
True
Let g(h) = 23395*h - 4607. Is g(46) prime?
True
Let l = -22 - -29. Let h(c) = 4*c - 24. Let m be h(l). Suppose m*p + 697 = 3*k, -k = 3*p - 8*p - 225. Is k a prime number?
False
Let a(x) = 16 - 1 + 1702*x + 13 + 3325*x + 10. Is a(3) a prime number?
False
Let s = 24 + 3. Suppose -4*d = 3*n - s, 3*n + 0*n = d + 12. Suppose 0 = -4*t - 2*i + 264, -d*t + 4*t - i - 63 = 0. Is t a composite number?
True
Let q(y) = 393*y**2 + 101*y - 71. Is q(20) a composite number?
True
Suppose -11*y + 16724 = -14580 + 141. Is y prime?
True
Let q(n) be the second derivative of -n + 1/6*n**4 + 7/6*n**3 + 0 - 2*n**2. Is q(-9) prime?
False
Let f(d) = -60*d - 7. Suppose 0*x - 3*x - 5 = 4*q, -3*x + 2*q = 11. Let r(s) = 59*s + 7. Let a(o) = x*r(o) - 2*f(o). Is a(-6) composite?
True
Let d(k) = k**3 - 7*k**2 + k - 6. Let a be d(-16). Let s = a - -3932. Let l = s - -3051. Is l composite?
True
Suppose -12 = b - 3*b. Suppose -2*a - 5*c - 4 = 1, 0 = 3*a + 4*c - 10. Is 2355/b*4/a a prime number?
True
Let z(d) = -124 + 2595*d**2 + 60 + 56. Is z(3) prime?
False
Let r = -68188 + 100591. Is r/42*(-1 - -3) a prime number?
True
Let v be -98*5/2*5. Suppose -f - 5*m + 1961 = 0, 7*m = -2*f + 11*m + 4006. Let o = f + v. Is o a prime number?
False
Let u = -201 + 203. Let y(m) = 1562*m**2 - 2*m + 1. Is y(u) a composite number?
True
Is 4/(64/11402700) + ((-56)/32)/(-7) a composite number?
False
Suppose -6858 = 13*t - 76057. Suppose 0 = -5*i - 2*v + 13355, -5*v - t = -2*i - 2*v. Is i prime?
False
Is ((-1302340)/(-50))/(22/55) a prime number?
False
Let c(p) = 527*p - 9. Let l(b) = -176*b + 3. Let s(j) = -6*c(j) - 17*l(j). Let d(a) = -511*a + 8. Let q(k) = -4*d(k) + 11*s(k). Is q(3) composite?
False
Let c(l) = 15*l**3 - 10*l**2 - 2*l + 2. Let f = -11 + 14. Suppose f*b - 7 = 2*b. Is c(b) prime?
True
Suppose 0 = -5*x - 9*x + 336. Suppose 0 = -x*h - 14*h + 546934. Is h composite?
True
Let j = 118525 + -410. Suppose 35*d - j = 30*d. Is d a prime number?
True
Let u = -1864 - -3572. Suppose 7*i - 11*i + u = 0. Suppose -5*v + 718 = q, -q + i = 2*v - 288. Is q prime?
False
Let m(x) be the third derivative of x**7/5040 + 491*x**6/720 + 13*x**5/60 - 33*x**2. Let f(t) be the third derivative of m(t). Is f(0) prime?
True
Let j(y) = 50*y**2 + 26*y + 162. Is j(-14) a prime number?
False
Suppose 2*u + 2*l - 88186 = 0, -u - 3*l = -0*l - 44093. Is u prime?
False
Suppose 4*k = 5 + 3. Let d be ((-5)/3)/((-37)/111). Is ((-3)/d + (-9604)/(-40))*k a composite number?
False
Suppose v - 240525 = -4*i + 168508, 0 = 3*i - 5*v - 306746. Suppose 2*u - 4*a = 60926, -i = -4*u - a + 19550. Is u a prime number?
False
Suppose 2*c - b = -11, -4*c - 5*b - 6 - 37 = 0. Is (2 + c)*(-3)/30*1282 composite?
False
Let h(t) = -5*t**2 - 19*t + 15. Let o(g) = -2*g**2 - 9*g + 7. Let v(x) = 6*h(x) - 11*o(x). Let z be v(18). Let d = -904 - z. Is d composite?
True
Let u = -9858 + 19015. Is -1 + u + (-2)/(8/4) prime?
False
Suppose 6*k + 952 = 13*k. Suppose -k*y = -152*y + 30416. Is y a prime number?
True
Let q be 0*10/8*(-52)/(-130). Suppose 10909 = x - 2*b, -4*b + 43696 = 4*x - q*b. Is x a composite number?
True
Suppose -6*p + 19 = -17. Let b(y) = 3*y**3 - 8*y**2 + 2*y - 1. Let c be b(p). Suppose 0 = -g + c + 38. Is g a prime number?
True
Suppose 5*l + 3*m - 15 = 11, -5*m = -4*l + 6. Suppose -21182 = 4*c - 6*c - 4*w, 2*c - l*w = 21174. Is c prime?
True
Let x be 1/2 + -6 + 77/14. Is 68026/10 + x + (-26)/(-65) composite?
False
Suppose -69*j = 4*j - 4166329. Is j prime?
True
Is 176654/15 - 3/(-45) prime?
True
Suppose 68586 = 4*t + 3*t. Suppose w + n + 0*n = 4898, n = -2*w + t. Suppose 2*k - w - 4542 = 0. Is k a composite number?
False
Suppose -67*y + 4610991 + 6177506 + 10570634 = 0. Is y a composite number?
False
Suppose -8*r = -6*r - 6*r. Suppose -80*v + 84*v - 6044 = r. Is v a composite number?
False
Let r be 2 - (-5599)/(1*(-3 - -2)). Let h = 1402 - r. Is h a prime number?
False
Suppose -5*d = 25, -2*n + d - 228 = -d. Let b = -54 - n. Is b composite?
True
Suppose -2*j - 4243 = -b + 6*b, -4*j = 3*b + 2557. Is 6 + 10/((-10)/b) prime?
True
Let o = -10 - -10. Let i be (-29*(-2 + o))/(1/22). Let j = i + -897. Is j composite?
False
Let z(k) = 43*k + 2. Let w = 243 - 228. Is z(w) prime?
True
Let n = 224941 - -206254. Is n a prime number?
False
Suppose 0 = 6*f - 5*f + 14. Let t = -11 - f. Is (0 + -3954)*(-1)/t -